 + 5*n = 0, -5*m = 3*n + 2. Let f be (m + -5)/(2/8). Let h = 50 + f. Is h prime?
False
Suppose 0*r - 5*r - 5*w + 1970 = 0, -3*r + 1184 = 5*w. Suppose b - 80 = -p, -b + 2*p = 4*b - r. Is b composite?
False
Suppose -3*u + 78 = m - 80, -4*m - 269 = -5*u. Is u composite?
False
Let i(y) = -80*y - 37. Is i(-6) prime?
True
Is (1 + -2)/((-3)/291) a composite number?
False
Let j(i) = -i**3 + 7*i**2 + i - 7. Let c be j(7). Suppose -4*f + 20 = 0, c*f + 679 = 3*h + 2*f. Is h a composite number?
False
Let d be 2639/14 - (-1)/(-2). Is d/2 + 0 + 0 a composite number?
True
Let x be (-2 - (-3 + 1)) + 1833. Suppose -5*f - 68 = -x. Is f a prime number?
True
Let l be 305/6 - 4/(-24). Suppose 2*c + 7 = -5*m, -4*c + 9 = m - 4. Suppose -3*p = -c*s + l + 34, s + 2*p - 13 = 0. Is s a prime number?
True
Let z = -85 - -171. Is z a composite number?
True
Let h = -97 - 407. Let a = -247 - h. Is a a composite number?
False
Let k(d) = -d**3 + 0 + 1 - d**2 + 7*d + 0 + 6*d**2. Is k(6) prime?
True
Let y = -23868 + 43729. Is y a composite number?
False
Suppose -7*o + 0*o + 17521 = 0. Is o a composite number?
False
Let o = 6 - 19. Let w = 8 - o. Is w composite?
True
Suppose 3*h = -n + 410, -5*h + 819 = n + n. Is n composite?
True
Let f = 30 - -263. Is f prime?
True
Let b be 1 - (6/(-2) + 2). Suppose 0*o - 328 = -b*o. Suppose -4*r + 87 - 16 = z, -3*r - o = -2*z. Is z a prime number?
True
Let j be ((-2)/6)/((-6)/90). Suppose j*o + 0*n + 3*n - 4750 = 0, -o + 948 = n. Is o composite?
False
Let z = -50 - -429. Is z composite?
False
Let d = -190 + 351. Is d a composite number?
True
Let p(m) = 2*m**2 - 3*m - 1. Suppose 2*u = -q + 14, -2*u + 2 + 4 = -q. Is p(q) composite?
False
Let p = 7 - 7. Suppose -m = 5*y - 5*m - 57, 3*m - 6 = p. Is y composite?
False
Is (-1126)/(-3)*9/6 composite?
False
Let m be (-225)/33 - 6/33. Let f(o) = -2*o**3 - 5*o**2 - 6*o - 4. Is f(m) prime?
True
Let r(t) = -125*t - 26. Is r(-9) a composite number?
True
Suppose 3*d + 5*p = 5, 2 = -4*d - 0*d + 2*p. Suppose -3*c - 5*u + 30 = d, 3*c - u - 78 = -2*c. Suppose 32 = n - c. Is n a prime number?
True
Let r be ((-16)/(-20))/((-4)/190). Let n = r + 85. Is n a composite number?
False
Let n be (-2)/(-3) - 1552/(-12). Suppose 7 + 1 = 4*f. Suppose 3*j - 140 = -o, 0 = -o + f*j + n - 5. Is o a composite number?
False
Suppose -3*n + 1689 = -2*n. Let k = -521 + n. Suppose 4*m + 5*h = k, 5*m - 1439 = -3*h + 2*h. Is m composite?
True
Let o = -1 - 5. Let l(a) = a**2 + 3*a - 5. Is l(o) prime?
True
Suppose m + 86 = 3*m. Let p(o) = m + o - o**2 - 25 + 35. Is p(0) prime?
True
Let n be 8/5 - (-10)/25. Let x be (n - -3) + -2 + 1. Is x - 4 - (-14)/1 composite?
True
Suppose 6*v - 37 = 485. Is v composite?
True
Let h(b) = 4*b**2 + 3*b + 6. Let g = -10 - -6. Let s be h(g). Suppose 0 = 2*i - 2*c - 78, -2*i - 5*c - 8 + s = 0. Is i prime?
False
Suppose 520 = 4*k - 2*k. Suppose -1035 = -5*j - k. Suppose -5*c + j = -0*c. Is c a composite number?
False
Suppose 4*w - 175 = v + 66, -4*w = -5*v - 261. Is w a prime number?
True
Let g = 1 - 1. Let m(c) = 2*c + 2. Let i be m(6). Let u = g + i. Is u a prime number?
False
Let t = -11 - -22. Let d = 5 - 5. Suppose d = o - 2*o + t. Is o a prime number?
True
Let v(j) be the first derivative of j**4/4 - j**3 - 3*j**2/2 + 3*j - 3. Is v(4) composite?
False
Suppose 5*f = 4*m - 451, -2*f - 77 = -4*m + 377. Suppose -5*c + 20 = -c, -3*o - 3*c + m = 0. Is o prime?
False
Suppose -4*z - 3 = -3*z + 3*y, 0 = -5*y - 5. Suppose z = 5*f - 197 - 198. Is f a composite number?
False
Suppose 0 = -9*l + 4*l - 2060. Let f = -155 - l. Is f a composite number?
False
Suppose -4*s = -5*s + 2. Suppose 5*n + 16 = 2*i, 2*i - s*n - 13 = -3. Is i a prime number?
True
Suppose -747 = -5*v + 2*v. Is v prime?
False
Is ((-3)/2)/(-3*(-1)/(-526)) prime?
True
Let y(j) = 17*j - 1. Suppose -4*c = -4*a - 8, 0 = 3*c - 5*a - 4 - 2. Let q be y(c). Is q/((-2)/2*-1) a prime number?
False
Suppose 11*q - 15*q = -4852. Is q a composite number?
False
Is (0 - -1)/((-3)/(-2901)) prime?
True
Suppose 4*l - 9 = -f + 69, f + 2*l = 82. Let v = f - 7. Is v prime?
True
Let b(f) = 4*f**3 + 7*f**2 - 10*f + 10. Is b(7) prime?
False
Suppose -134 = 2*k - 3*k. Is k a prime number?
False
Let m = -20 - -105. Suppose -4*q = -3 - 1, -3*q - m = -4*v. Is v a composite number?
True
Suppose -5*z + 2*l = -0*z - 12361, 5*l = 4*z - 9882. Is z composite?
False
Suppose -104 = -4*a - 40. Is a + -1 + (-4)/(-1) prime?
True
Suppose -522 = -z - z. Suppose -m = 2*m - z. Is m a composite number?
True
Is 9*332/36*3 a composite number?
True
Suppose 0 = -s - 4*s + 20. Suppose 0 = -s*u + 520 - 12. Is u prime?
True
Let w = -716 - -1243. Is w prime?
False
Let l = -17 + 21. Suppose 5*p + 4*x = x + 7933, 5*x + 6376 = l*p. Is p composite?
True
Let i(w) = -2*w - 15. Let y be i(-9). Suppose -y*j - 4*r + 258 = -233, -j + 162 = r. Is j a prime number?
True
Let y = -903 - -2054. Is y prime?
True
Suppose -34 + 7 = 3*d. Let s = d - -14. Suppose s*z = 2*o + 4 - 47, -o = -2*z - 21. Is o a prime number?
True
Let x(v) = 5*v**2 + 6*v - 5. Let b(s) = 5*s - 5 + 2*s - s + 4*s**2. Let g(r) = -7*b(r) + 6*x(r). Is g(4) prime?
True
Let n be ((-2)/4)/((-1)/8). Let i(h) = -h**3 + 4*h**2 + 4. Let m be i(n). Suppose -98 = 2*q - m*q. Is q prime?
False
Is 2204/(4 - 0) - 4 a prime number?
True
Let c(v) = -v**3 - 6*v**2 - 6*v + 5. Let b be c(-5). Suppose 2*i = b, l = i + 300 - 100. Is l a prime number?
False
Let u = -1 - -1. Let m be u/((1 + 0)*2). Is m*(-1)/3 - -65 a prime number?
False
Suppose -2*v - 19 = 5*h, 0 = -0*v + v + 5*h + 17. Let b be ((2/1)/v)/(-1). Is b + 0 - 3 - -21 a prime number?
True
Let b(n) = n - 14. Let v be b(10). Let i be 397 - (-1 - (2 + v)). Suppose -i = -5*s + 779. Is s composite?
True
Let j(i) = i**3 - 2*i**2 - i - 2. Let a be j(5). Suppose -8 = 5*c - a. Suppose -3*r + c = 0, -3*m - 3*r - 2*r = -50. Is m a prime number?
False
Let u = 8 + -4. Let l = 2 - u. Is (-109)/l - 1/(-2) prime?
False
Let p(c) be the first derivative of -9*c**2/2 + 2*c - 4. Is p(-7) a prime number?
False
Suppose -16 = -4*s, -212 - 190 = -2*r + 4*s. Is r a composite number?
True
Let d be (-27)/(-18)*2*1. Suppose -3*f - d*c = -0*f - 174, -5*f - c + 290 = 0. Is f composite?
True
Suppose -4*u = -3 - 13. Suppose -3*s + 885 = u*d - 0*d, d = 2*s - 590. Is s a composite number?
True
Suppose 0 = -5*h + 2543 + 732. Is h prime?
False
Is (16/12 + -1)*18567 a composite number?
True
Let s(d) = -d + 5 + d**2 + 0*d + 0 - 3*d. Is s(-4) a composite number?
False
Suppose 0 = x - 2*x + 635. Is x a prime number?
False
Suppose -5*s = -0*s - 10. Suppose 0 = 4*l + s*z + 17 + 11, 5*z + 21 = -3*l. Let r(h) = -h + 3. Is r(l) composite?
True
Let v be 16/3 - 3/9. Suppose -5 = -v*s - 15, 2*i + 4*s - 8 = 0. Suppose 3*d - 13 = i. Is d composite?
False
Suppose -10*s - 3366 + 14336 = 0. Is s a composite number?
False
Suppose 4*z - z = 129. Is z composite?
False
Suppose a + 254 = -3*w + 1574, -3*a = 2*w - 880. Suppose -4*d - t + 449 - 100 = 0, -5*d - 5*t = -w. Is d a prime number?
False
Let m = 1565 - 1030. Is m a prime number?
False
Suppose 3*i = n + 9, 4*n = -3*i - 7 + 16. Is i a prime number?
True
Let c be ((-4)/6)/((-5)/15). Suppose -231 = -q - c*q. Is q composite?
True
Suppose 3237 + 2003 = 5*r + 5*s, -5*r = 2*s - 5225. Let g = -712 + r. Is g a composite number?
False
Let u(b) = -58*b + 43. Is u(-13) prime?
True
Let n(a) = 42*a**2 + 7*a + 1. Is n(2) composite?
True
Let x be 4/(-6) - 676/3. Let n = -121 - x. Suppose 2*m + n = 5*l, l - m - 2*m - 34 = 0. Is l composite?
False
Let t = 330 + 67. Is t prime?
True
Let d = -203 + 498. Is d prime?
False
Let m = 3 - 0. Suppose 4*d - m = 3*d. Suppose 4*c = 5*j + 120, d*j + 51 = c + 7*j. Is c prime?
False
Suppose -3*c + 24 + 153 = 0. Let l = 28 - c. Let v = 22 - l. Is v composite?
False
Let h = -937 - -2298. Is h prime?
True
Let o(x) = x**2 - 3*x + 3. Let d be o(3). Suppose -4*p = 5*l - 9, -2*l + 7 = d*l + 2*p. Is (-1 + -38)*(0 - l) composite?
True
Let g = 10 - 6. Suppose -3*q - 31 = -5*h, g*h = -4*q - 0*h + 12. Is (-73)/q + 3/6 prime?
True
Let m be -1 + 1992 + (-4 - -3). Suppose 5*o - 2845 = m. Is o composite?
False
Suppose -3*m - u + 21 = 2*u, -4*u + 22 = m. Let x be m/(((-9)/30)/3). Let k = x + 29. Is k a composite number?
True
Suppose -146 = -3*a + 5*t, 2*t = -a + 40 - 6. Suppose 6*y - 3*y = 42. Is 2322/a + (